{"id":39,"date":"2024-09-22T09:49:09","date_gmt":"2024-09-22T09:49:09","guid":{"rendered":"http:\/\/oberst.fr\/?page_id=39"},"modified":"2024-10-07T19:43:28","modified_gmt":"2024-10-07T19:43:28","slug":"le-coin-du-tech","status":"publish","type":"page","link":"https:\/\/oberst.fr\/?page_id=39","title":{"rendered":"Le coin du tech"},"content":{"rendered":"\n<p>A c\u00f4t\u00e9 des passions bas\u00e9es sur la peinture, j&rsquo;ai aussi des centres d\u2019int\u00e9r\u00eat techniques<\/p>\n\n\n\n<h2 class=\"wp-block-heading\">Les syst\u00e8mes et r\u00e9seaux informatiques<\/h2>\n\n\n\n<p class=\"has-text-align-left has-background\" style=\"background-color:#d9d9d9\">Expert dans le domaine des r\u00e9seaux, sans applications la communication n&rsquo;a pas grand int\u00e9r\u00eat. Je cherche donc \u00e0 mettre en place une infrastructure avec un d\u00e9but de redondance et d\u2019adaptabilit\u00e9. Ce site est donc h\u00e9berg\u00e9 sur mes machines avec un objectif, travailler les solutions techniquement avanc\u00e9es.<\/p>\n\n\n\n<h2 class=\"wp-block-heading\">Sons et Lumi\u00e8re<\/h2>\n\n\n\n<p class=\"has-background\" style=\"background-color:#d9d9d9\">J&rsquo;ai suivi 9 ans de cours de guitare, et m\u00eame si je ne joue plus beaucoup j&rsquo;ai gard\u00e9 une oreille musicale. Depuis quelque ann\u00e9es maintenant, je prends plaisir \u00e0 sonoriser des messes avec des groupes de musiciens, cherchant \u00e0 am\u00e9liorer \u00e0 chaque fois les balances et la capture du sons. J&rsquo;ai aussi des spots d\u2019\u00e9clairage, que je d\u00e9ploie lors d\u2019\u00e9v\u00e9nement importants (no\u00ebl, f\u00eates de famille&#8230;). Contr\u00f4l\u00e9 ou juste pos\u00e9 le r\u00e9sultat est toujours au rendez vous.<\/p>\n\n\n\n<h2 class=\"wp-block-heading\">Photos et vid\u00e9o<\/h2>\n\n\n\n<p class=\"has-background\" style=\"background-color:#d9d9d9\">Pour conclure je me suis \u00e9quip\u00e9 r\u00e9cemment d&rsquo;une atem permettant de retransmettre sur \u00e9cran des flux vid\u00e9os capt\u00e9s pendant un \u00e9v\u00e9nement. Que ce soit donc du live ou de la vid\u00e9o, je m&rsquo;amuse fr\u00e9quemment \u00e0 chercher le savant m\u00e9lange d&rsquo;une r\u00e9gie au petit oignons et d&rsquo;une efficacit\u00e9 maitris\u00e9e (le temps n&rsquo;est pas extensible). Je suis aussi devenu autonome sur la photo et vous trouverez donc sur ce site certaines de mes prises.<\/p>\n","protected":false},"excerpt":{"rendered":"<p>A c\u00f4t\u00e9 des passions bas\u00e9es sur la peinture, j&rsquo;ai aussi des centres d\u2019int\u00e9r\u00eat techniques Les syst\u00e8mes et r\u00e9seaux informatiques Expert dans le domaine des r\u00e9seaux, sans applications la communication n&rsquo;a pas grand int\u00e9r\u00eat. Je cherche donc \u00e0 mettre en place une infrastructure avec un d\u00e9but de redondance et d\u2019adaptabilit\u00e9. Ce [&hellip;]<\/p>\n","protected":false},"author":1,"featured_media":67,"parent":0,"menu_order":0,"comment_status":"closed","ping_status":"closed","template":"","meta":{"_themeisle_gutenberg_block_has_review":false,"footnotes":""},"class_list":["post-39","page","type-page","status-publish","has-post-thumbnail","hentry"],"_links":{"self":[{"href":"https:\/\/oberst.fr\/index.php?rest_route=\/wp\/v2\/pages\/39","targetHints":{"allow":["GET"]}}],"collection":[{"href":"https:\/\/oberst.fr\/index.php?rest_route=\/wp\/v2\/pages"}],"about":[{"href":"https:\/\/oberst.fr\/index.php?rest_route=\/wp\/v2\/types\/page"}],"author":[{"embeddable":true,"href":"https:\/\/oberst.fr\/index.php?rest_route=\/wp\/v2\/users\/1"}],"replies":[{"embeddable":true,"href":"https:\/\/oberst.fr\/index.php?rest_route=%2Fwp%2Fv2%2Fcomments&post=39"}],"version-history":[{"count":3,"href":"https:\/\/oberst.fr\/index.php?rest_route=\/wp\/v2\/pages\/39\/revisions"}],"predecessor-version":[{"id":53,"href":"https:\/\/oberst.fr\/index.php?rest_route=\/wp\/v2\/pages\/39\/revisions\/53"}],"wp:featuredmedia":[{"embeddable":true,"href":"https:\/\/oberst.fr\/index.php?rest_route=\/wp\/v2\/media\/67"}],"wp:attachment":[{"href":"https:\/\/oberst.fr\/index.php?rest_route=%2Fwp%2Fv2%2Fmedia&parent=39"}],"curies":[{"name":"wp","href":"https:\/\/api.w.org\/{rel}","templated":true}]}}